{"id":3013,"date":"2025-11-01T10:49:29","date_gmt":"2025-11-01T09:49:29","guid":{"rendered":"https:\/\/www.mc2020.net\/shop\/?post_type=product&#038;p=3013"},"modified":"2025-11-17T11:54:00","modified_gmt":"2025-11-17T10:54:00","slug":"imprimante-multifonction-laser-couleur-hp-mfp-135w","status":"publish","type":"product","link":"https:\/\/www.mc2020.net\/shop\/produit\/imprimante-multifonction-laser-couleur-hp-mfp-135w\/","title":{"rendered":"Imprimante multifonction laser couleur HP MFP 135W"},"content":{"rendered":"<p>Impression, copie, num\u00e9risation<br \/>\nVitesse d&rsquo;impression noir: 20 pages par minute (norme ISO)<br \/>\nQualit\u00e9 d&rsquo;impression noire: Jusqu\u2019\u00e0 1 200 x 1 200 ppp<br \/>\nVolume de pages mensuel recommand\u00e9: 100 \u00e0 2 000<br \/>\n<a href=\"https:\/\/www.iris.ma\/catalogue\/imprimante-laser-recto-verso-automatique\">Impression recto\/verso<\/a>: Manuelle (prise en charge des pilotes fournie)<br \/>\nFonctionne avec: 1 Cartouche de toner (noire)<br \/>\nConnectivit\u00e9: Port USB 2.0 haut d\u00e9bit; WI-FI<\/p>\n","protected":false},"excerpt":{"rendered":"<p>Impression, copie, num\u00e9risation Vitesse d&rsquo;impression noir: 20 pages par minute (norme ISO) Qualit\u00e9 d&rsquo;impression noire: Jusqu\u2019\u00e0 1 200 x 1 200 ppp Volume de pages mensuel recommand\u00e9: 100 \u00e0 2 000 Impression recto\/verso: Manuelle (prise en charge des pilotes fournie) Fonctionne avec: 1 Cartouche de toner (noire) Connectivit\u00e9: Port USB 2.0 haut d\u00e9bit; WI-FI<\/p>\n","protected":false},"featured_media":3015,"comment_status":"open","ping_status":"closed","template":"","meta":{"_uag_custom_page_level_css":"","site-sidebar-layout":"default","site-content-layout":"","ast-site-content-layout":"default","site-content-style":"default","site-sidebar-style":"default","ast-global-header-display":"","ast-banner-title-visibility":"","ast-main-header-display":"","ast-hfb-above-header-display":"","ast-hfb-below-header-display":"","ast-hfb-mobile-header-display":"","site-post-title":"","ast-breadcrumbs-content":"","ast-featured-img":"","footer-sml-layout":"","ast-disable-related-posts":"","theme-transparent-header-meta":"default","adv-header-id-meta":"","stick-header-meta":"","header-above-stick-meta":"","header-main-stick-meta":"","header-below-stick-meta":"","astra-migrate-meta-layouts":"set","ast-page-background-enabled":"default","ast-page-background-meta":{"desktop":{"background-color":"var(--ast-global-color-4)","background-image":"","background-repeat":"repeat","background-position":"center center","background-size":"auto","background-attachment":"scroll","background-type":"","background-media":"","overlay-type":"","overlay-color":"","overlay-opacity":"","overlay-gradient":""},"tablet":{"background-color":"","background-image":"","background-repeat":"repeat","background-position":"center center","background-size":"auto","background-attachment":"scroll","background-type":"","background-media":"","overlay-type":"","overlay-color":"","overlay-opacity":"","overlay-gradient":""},"mobile":{"background-color":"","background-image":"","background-repeat":"repeat","background-position":"center center","background-size":"auto","background-attachment":"scroll","background-type":"","background-media":"","overlay-type":"","overlay-color":"","overlay-opacity":"","overlay-gradient":""}},"ast-content-background-meta":{"desktop":{"background-color":"var(--ast-global-color-5)","background-image":"","background-repeat":"repeat","background-position":"center center","background-size":"auto","background-attachment":"scroll","background-type":"","background-media":"","overlay-type":"","overlay-color":"","overlay-opacity":"","overlay-gradient":""},"tablet":{"background-color":"var(--ast-global-color-5)","background-image":"","background-repeat":"repeat","background-position":"center center","background-size":"auto","background-attachment":"scroll","background-type":"","background-media":"","overlay-type":"","overlay-color":"","overlay-opacity":"","overlay-gradient":""},"mobile":{"background-color":"var(--ast-global-color-5)","background-image":"","background-repeat":"repeat","background-position":"center center","background-size":"auto","background-attachment":"scroll","background-type":"","background-media":"","overlay-type":"","overlay-color":"","overlay-opacity":"","overlay-gradient":""}}},"product_brand":[],"product_cat":[28],"product_tag":[46],"class_list":{"0":"post-3013","1":"product","2":"type-product","3":"status-publish","4":"has-post-thumbnail","6":"product_cat-imprimantes","7":"product_tag-ocasion-comme-neuf","8":"desktop-align-left","9":"tablet-align-left","10":"mobile-align-left","12":"first","13":"instock","14":"sale","15":"taxable","16":"shipping-taxable","17":"purchasable","18":"product-type-simple"},"aioseo_notices":[],"uagb_featured_image_src":{"full":["https:\/\/www.mc2020.net\/shop\/wp-content\/uploads\/2025\/02\/imprimante-laser-135W.png",800,600,false],"thumbnail":["https:\/\/www.mc2020.net\/shop\/wp-content\/uploads\/2025\/02\/imprimante-laser-135W-150x150.png",150,150,true],"medium":["https:\/\/www.mc2020.net\/shop\/wp-content\/uploads\/2025\/02\/imprimante-laser-135W-300x225.png",300,225,true],"medium_large":["https:\/\/www.mc2020.net\/shop\/wp-content\/uploads\/2025\/02\/imprimante-laser-135W-768x576.png",768,576,true],"large":["https:\/\/www.mc2020.net\/shop\/wp-content\/uploads\/2025\/02\/imprimante-laser-135W.png",800,600,false],"1536x1536":["https:\/\/www.mc2020.net\/shop\/wp-content\/uploads\/2025\/02\/imprimante-laser-135W.png",800,600,false],"2048x2048":["https:\/\/www.mc2020.net\/shop\/wp-content\/uploads\/2025\/02\/imprimante-laser-135W.png",800,600,false],"woocommerce_thumbnail":["https:\/\/www.mc2020.net\/shop\/wp-content\/uploads\/2025\/02\/imprimante-laser-135W-300x300.png",300,300,true],"woocommerce_single":["https:\/\/www.mc2020.net\/shop\/wp-content\/uploads\/2025\/02\/imprimante-laser-135W-600x450.png",600,450,true],"woocommerce_gallery_thumbnail":["https:\/\/www.mc2020.net\/shop\/wp-content\/uploads\/2025\/02\/imprimante-laser-135W-100x100.png",100,100,true]},"uagb_author_info":{"display_name":"kawtar Marjoub","author_link":"https:\/\/www.mc2020.net\/shop\/author\/"},"uagb_comment_info":0,"uagb_excerpt":"Impression, copie, num\u00e9risation Vitesse d&rsquo;impression noir: 20 pages par minute (norme ISO) Qualit\u00e9 d&rsquo;impression noire: Jusqu\u2019\u00e0 1 200 x 1 200 ppp Volume de pages mensuel recommand\u00e9: 100 \u00e0 2 000 Impression recto\/verso: Manuelle (prise en charge des pilotes fournie) Fonctionne avec: 1 Cartouche de toner (noire) Connectivit\u00e9: Port USB 2.0 haut d\u00e9bit; WI-FI","_links":{"self":[{"href":"https:\/\/www.mc2020.net\/shop\/wp-json\/wp\/v2\/product\/3013","targetHints":{"allow":["GET"]}}],"collection":[{"href":"https:\/\/www.mc2020.net\/shop\/wp-json\/wp\/v2\/product"}],"about":[{"href":"https:\/\/www.mc2020.net\/shop\/wp-json\/wp\/v2\/types\/product"}],"replies":[{"embeddable":true,"href":"https:\/\/www.mc2020.net\/shop\/wp-json\/wp\/v2\/comments?post=3013"}],"wp:featuredmedia":[{"embeddable":true,"href":"https:\/\/www.mc2020.net\/shop\/wp-json\/wp\/v2\/media\/3015"}],"wp:attachment":[{"href":"https:\/\/www.mc2020.net\/shop\/wp-json\/wp\/v2\/media?parent=3013"}],"wp:term":[{"taxonomy":"product_brand","embeddable":true,"href":"https:\/\/www.mc2020.net\/shop\/wp-json\/wp\/v2\/product_brand?post=3013"},{"taxonomy":"product_cat","embeddable":true,"href":"https:\/\/www.mc2020.net\/shop\/wp-json\/wp\/v2\/product_cat?post=3013"},{"taxonomy":"product_tag","embeddable":true,"href":"https:\/\/www.mc2020.net\/shop\/wp-json\/wp\/v2\/product_tag?post=3013"}],"curies":[{"name":"wp","href":"https:\/\/api.w.org\/{rel}","templated":true}]}}