{"id":2998,"date":"2025-01-30T11:42:53","date_gmt":"2025-01-30T10:42:53","guid":{"rendered":"https:\/\/www.mc2020.net\/shop\/?post_type=product&#038;p=2998"},"modified":"2025-06-13T09:59:11","modified_gmt":"2025-06-13T08:59:11","slug":"nos-services-de-maintenance-web","status":"publish","type":"product","link":"https:\/\/www.mc2020.net\/shop\/produit\/nos-services-de-maintenance-web\/","title":{"rendered":"Nos Services de Maintenance Web"},"content":{"rendered":"<ul>\n<li data-sourcepos=\"33:5-37:46\"><strong>Maintenance technique<\/strong>:\n<ul data-sourcepos=\"34:9-37:46\">\n<li data-sourcepos=\"34:9-34:50\">Mises \u00e0 jour de s\u00e9curit\u00e9 (plugins, CMS).<\/li>\n<li data-sourcepos=\"35:9-35:33\">Sauvegardes r\u00e9guli\u00e8res.<\/li>\n<li data-sourcepos=\"36:9-36:63\">Surveillance de la disponibilit\u00e9 et des performances.<\/li>\n<li data-sourcepos=\"37:9-37:46\">R\u00e9solution des probl\u00e8mes techniques.<\/li>\n<\/ul>\n<\/li>\n<li data-sourcepos=\"38:5-42:45\"><strong>Optimisation SEO<\/strong>:\n<ul data-sourcepos=\"39:9-42:45\">\n<li data-sourcepos=\"39:9-39:32\">Analyse des mots-cl\u00e9s.<\/li>\n<li data-sourcepos=\"40:9-40:49\">Optimisation du contenu et des balises.<\/li>\n<li data-sourcepos=\"41:9-41:51\">Am\u00e9lioration de la vitesse de chargement.<\/li>\n<li data-sourcepos=\"42:9-42:45\">Suivi des performances et rapports.<\/li>\n<\/ul>\n<\/li>\n<li data-sourcepos=\"43:5-46:57\"><strong>Mises \u00e0 jour de contenu<\/strong>:\n<ul data-sourcepos=\"44:9-46:57\">\n<li data-sourcepos=\"44:9-44:47\">Ajout de nouvelles pages et articles.<\/li>\n<li data-sourcepos=\"45:9-45:48\">Modification des textes et des images.<\/li>\n<li data-sourcepos=\"46:9-46:57\">Gestion des formulaires et des fonctionnalit\u00e9s.<\/li>\n<\/ul>\n<\/li>\n<li data-sourcepos=\"47:5-49:52\"><strong>Rapports et suivi<\/strong>:\n<ul data-sourcepos=\"48:9-49:52\">\n<li data-sourcepos=\"48:9-48:38\">Rapports mensuels d\u00e9taill\u00e9s.<\/li>\n<li data-sourcepos=\"49:9-49:52\">Suivi des performances et recommandations.<\/li>\n<\/ul>\n<\/li>\n<\/ul>\n","protected":false},"excerpt":{"rendered":"<p>Un site web \u00e0 jour et performant est essentiel pour attirer et fid\u00e9liser vos clients. Nous vous proposons des solutions sur mesure pour r\u00e9pondre \u00e0 vos besoins.<\/p>\n<p><strong>Avantages pour le client<\/strong>:<\/p>\n<ul>\n<li>Site web toujours \u00e0 jour et s\u00e9curis\u00e9.<\/li>\n<li>Am\u00e9lioration de la visibilit\u00e9 sur les moteurs de recherche.<\/li>\n<li>Gain de temps et d&rsquo;efficacit\u00e9.<\/li>\n<li>Support technique r\u00e9actif.<\/li>\n<li>Tranquillit\u00e9 d&rsquo;esprit.<\/li>\n<\/ul>\n<p style=\"text-align: center;\"><span style=\"color: #ff0000;\"><strong>Demandez un devis gratuit !<\/strong><\/span><\/p>\n","protected":false},"featured_media":3103,"comment_status":"closed","ping_status":"closed","template":"","meta":{"_uag_custom_page_level_css":"","site-sidebar-layout":"default","site-content-layout":"","ast-site-content-layout":"default","site-content-style":"default","site-sidebar-style":"default","ast-global-header-display":"","ast-banner-title-visibility":"","ast-main-header-display":"","ast-hfb-above-header-display":"","ast-hfb-below-header-display":"","ast-hfb-mobile-header-display":"","site-post-title":"","ast-breadcrumbs-content":"","ast-featured-img":"","footer-sml-layout":"","ast-disable-related-posts":"","theme-transparent-header-meta":"default","adv-header-id-meta":"","stick-header-meta":"","header-above-stick-meta":"","header-main-stick-meta":"","header-below-stick-meta":"","astra-migrate-meta-layouts":"set","ast-page-background-enabled":"default","ast-page-background-meta":{"desktop":{"background-color":"var(--ast-global-color-4)","background-image":"","background-repeat":"repeat","background-position":"center center","background-size":"auto","background-attachment":"scroll","background-type":"","background-media":"","overlay-type":"","overlay-color":"","overlay-opacity":"","overlay-gradient":""},"tablet":{"background-color":"","background-image":"","background-repeat":"repeat","background-position":"center center","background-size":"auto","background-attachment":"scroll","background-type":"","background-media":"","overlay-type":"","overlay-color":"","overlay-opacity":"","overlay-gradient":""},"mobile":{"background-color":"","background-image":"","background-repeat":"repeat","background-position":"center center","background-size":"auto","background-attachment":"scroll","background-type":"","background-media":"","overlay-type":"","overlay-color":"","overlay-opacity":"","overlay-gradient":""}},"ast-content-background-meta":{"desktop":{"background-color":"var(--ast-global-color-5)","background-image":"","background-repeat":"repeat","background-position":"center center","background-size":"auto","background-attachment":"scroll","background-type":"","background-media":"","overlay-type":"","overlay-color":"","overlay-opacity":"","overlay-gradient":""},"tablet":{"background-color":"var(--ast-global-color-5)","background-image":"","background-repeat":"repeat","background-position":"center center","background-size":"auto","background-attachment":"scroll","background-type":"","background-media":"","overlay-type":"","overlay-color":"","overlay-opacity":"","overlay-gradient":""},"mobile":{"background-color":"var(--ast-global-color-5)","background-image":"","background-repeat":"repeat","background-position":"center center","background-size":"auto","background-attachment":"scroll","background-type":"","background-media":"","overlay-type":"","overlay-color":"","overlay-opacity":"","overlay-gradient":""}}},"product_brand":[40],"product_cat":[30],"product_tag":[41],"class_list":{"0":"post-2998","1":"product","2":"type-product","3":"status-publish","4":"has-post-thumbnail","6":"product_brand-mc2020","7":"product_cat-web-services","8":"product_tag-un-site-web-a-jour-et-performant-est-essentiel-pour-attirer-et-fideliser-vos-clients-nous-vous-proposons-des-solutions-sur-mesure-pour-repondre-a-vos-besoins","9":"desktop-align-left","10":"tablet-align-left","11":"mobile-align-left","13":"first","14":"instock","15":"sale","16":"virtual","17":"taxable","18":"purchasable","19":"product-type-simple"},"aioseo_notices":[],"uagb_featured_image_src":{"full":["https:\/\/www.mc2020.net\/shop\/wp-content\/uploads\/2025\/01\/seo-web-mc2020-scaled.jpg",2560,1443,false],"thumbnail":["https:\/\/www.mc2020.net\/shop\/wp-content\/uploads\/2025\/01\/seo-web-mc2020-150x150.jpg",150,150,true],"medium":["https:\/\/www.mc2020.net\/shop\/wp-content\/uploads\/2025\/01\/seo-web-mc2020-300x169.jpg",300,169,true],"medium_large":["https:\/\/www.mc2020.net\/shop\/wp-content\/uploads\/2025\/01\/seo-web-mc2020-768x433.jpg",768,433,true],"large":["https:\/\/www.mc2020.net\/shop\/wp-content\/uploads\/2025\/01\/seo-web-mc2020-1024x577.jpg",1024,577,true],"1536x1536":["https:\/\/www.mc2020.net\/shop\/wp-content\/uploads\/2025\/01\/seo-web-mc2020-1536x866.jpg",1536,866,true],"2048x2048":["https:\/\/www.mc2020.net\/shop\/wp-content\/uploads\/2025\/01\/seo-web-mc2020-2048x1154.jpg",2048,1154,true],"woocommerce_thumbnail":["https:\/\/www.mc2020.net\/shop\/wp-content\/uploads\/2025\/01\/seo-web-mc2020-300x300.jpg",300,300,true],"woocommerce_single":["https:\/\/www.mc2020.net\/shop\/wp-content\/uploads\/2025\/01\/seo-web-mc2020-600x338.jpg",600,338,true],"woocommerce_gallery_thumbnail":["https:\/\/www.mc2020.net\/shop\/wp-content\/uploads\/2025\/01\/seo-web-mc2020-100x100.jpg",100,100,true]},"uagb_author_info":{"display_name":"kawtar Marjoub","author_link":"https:\/\/www.mc2020.net\/shop\/author\/"},"uagb_comment_info":0,"uagb_excerpt":"Un site web \u00e0 jour et performant est essentiel pour attirer et fid\u00e9liser vos clients. Nous vous proposons des solutions sur mesure pour r\u00e9pondre \u00e0 vos besoins. Avantages pour le client: Site web toujours \u00e0 jour et s\u00e9curis\u00e9. Am\u00e9lioration de la visibilit\u00e9 sur les moteurs de recherche. Gain de temps et d'efficacit\u00e9. Support technique r\u00e9actif.\u2026","_links":{"self":[{"href":"https:\/\/www.mc2020.net\/shop\/wp-json\/wp\/v2\/product\/2998","targetHints":{"allow":["GET"]}}],"collection":[{"href":"https:\/\/www.mc2020.net\/shop\/wp-json\/wp\/v2\/product"}],"about":[{"href":"https:\/\/www.mc2020.net\/shop\/wp-json\/wp\/v2\/types\/product"}],"replies":[{"embeddable":true,"href":"https:\/\/www.mc2020.net\/shop\/wp-json\/wp\/v2\/comments?post=2998"}],"wp:featuredmedia":[{"embeddable":true,"href":"https:\/\/www.mc2020.net\/shop\/wp-json\/wp\/v2\/media\/3103"}],"wp:attachment":[{"href":"https:\/\/www.mc2020.net\/shop\/wp-json\/wp\/v2\/media?parent=2998"}],"wp:term":[{"taxonomy":"product_brand","embeddable":true,"href":"https:\/\/www.mc2020.net\/shop\/wp-json\/wp\/v2\/product_brand?post=2998"},{"taxonomy":"product_cat","embeddable":true,"href":"https:\/\/www.mc2020.net\/shop\/wp-json\/wp\/v2\/product_cat?post=2998"},{"taxonomy":"product_tag","embeddable":true,"href":"https:\/\/www.mc2020.net\/shop\/wp-json\/wp\/v2\/product_tag?post=2998"}],"curies":[{"name":"wp","href":"https:\/\/api.w.org\/{rel}","templated":true}]}}