{"id":2995,"date":"2025-01-30T11:18:02","date_gmt":"2025-01-30T10:18:02","guid":{"rendered":"https:\/\/www.mc2020.net\/shop\/?post_type=product&#038;p=2995"},"modified":"2025-07-06T10:01:01","modified_gmt":"2025-07-06T09:01:01","slug":"creation-dune-video-professionnelle","status":"publish","type":"product","link":"https:\/\/www.mc2020.net\/shop\/produit\/creation-dune-video-professionnelle\/","title":{"rendered":"Cr\u00e9ation d&rsquo;une vid\u00e9o professionnelle"},"content":{"rendered":"<p>Nous donnons vie \u00e0 vos id\u00e9es gr\u00e2ce \u00e0 notre service de cr\u00e9ation de vid\u00e9os professionnelles. Que vous ayez besoin d&rsquo;une vid\u00e9o explicative percutante, d&rsquo;une pr\u00e9sentation d&rsquo;entreprise engageante, d&rsquo;un spot publicitaire cr\u00e9atif ou de tout autre format, notre \u00e9quipe de professionnels passionn\u00e9s met son expertise \u00e0 votre service.<\/p>\n<p>Nous vous accompagnons \u00e0 chaque \u00e9tape du processus, de la conception du sc\u00e9nario au montage final, en passant par le tournage avec un \u00e9quipement de pointe. Nous nous engageons \u00e0 produire une vid\u00e9o de haute qualit\u00e9 qui non seulement r\u00e9pond \u00e0 vos objectifs, mais qui captive \u00e9galement votre audience et renforce votre image de marque.<\/p>\n<p>Confiez-nous votre projet vid\u00e9o et laissez-nous transformer votre vision en une r\u00e9alit\u00e9 visuelle impactante.<\/p>\n","protected":false},"excerpt":{"rendered":"<p>Nous donnons vie \u00e0 vos id\u00e9es gr\u00e2ce \u00e0 notre service de cr\u00e9ation de vid\u00e9os professionnelles. Que vous ayez besoin d&rsquo;une vid\u00e9o explicative percutante, d&rsquo;une pr\u00e9sentation d&rsquo;entreprise engageante, d&rsquo;un spot publicitaire cr\u00e9atif ou de tout autre format, notre \u00e9quipe de professionnels passionn\u00e9s met son expertise \u00e0 votre service. Nous vous accompagnons \u00e0 chaque \u00e9tape du processus, [&hellip;]<\/p>\n","protected":false},"featured_media":3040,"comment_status":"open","ping_status":"closed","template":"","meta":{"_uag_custom_page_level_css":"","site-sidebar-layout":"default","site-content-layout":"","ast-site-content-layout":"default","site-content-style":"default","site-sidebar-style":"default","ast-global-header-display":"","ast-banner-title-visibility":"","ast-main-header-display":"","ast-hfb-above-header-display":"","ast-hfb-below-header-display":"","ast-hfb-mobile-header-display":"","site-post-title":"","ast-breadcrumbs-content":"","ast-featured-img":"","footer-sml-layout":"","ast-disable-related-posts":"","theme-transparent-header-meta":"default","adv-header-id-meta":"","stick-header-meta":"","header-above-stick-meta":"","header-main-stick-meta":"","header-below-stick-meta":"","astra-migrate-meta-layouts":"set","ast-page-background-enabled":"default","ast-page-background-meta":{"desktop":{"background-color":"var(--ast-global-color-4)","background-image":"","background-repeat":"repeat","background-position":"center center","background-size":"auto","background-attachment":"scroll","background-type":"","background-media":"","overlay-type":"","overlay-color":"","overlay-opacity":"","overlay-gradient":""},"tablet":{"background-color":"","background-image":"","background-repeat":"repeat","background-position":"center center","background-size":"auto","background-attachment":"scroll","background-type":"","background-media":"","overlay-type":"","overlay-color":"","overlay-opacity":"","overlay-gradient":""},"mobile":{"background-color":"","background-image":"","background-repeat":"repeat","background-position":"center center","background-size":"auto","background-attachment":"scroll","background-type":"","background-media":"","overlay-type":"","overlay-color":"","overlay-opacity":"","overlay-gradient":""}},"ast-content-background-meta":{"desktop":{"background-color":"var(--ast-global-color-5)","background-image":"","background-repeat":"repeat","background-position":"center center","background-size":"auto","background-attachment":"scroll","background-type":"","background-media":"","overlay-type":"","overlay-color":"","overlay-opacity":"","overlay-gradient":""},"tablet":{"background-color":"var(--ast-global-color-5)","background-image":"","background-repeat":"repeat","background-position":"center center","background-size":"auto","background-attachment":"scroll","background-type":"","background-media":"","overlay-type":"","overlay-color":"","overlay-opacity":"","overlay-gradient":""},"mobile":{"background-color":"var(--ast-global-color-5)","background-image":"","background-repeat":"repeat","background-position":"center center","background-size":"auto","background-attachment":"scroll","background-type":"","background-media":"","overlay-type":"","overlay-color":"","overlay-opacity":"","overlay-gradient":""}}},"product_brand":[],"product_cat":[30],"product_tag":[],"class_list":{"0":"post-2995","1":"product","2":"type-product","3":"status-publish","4":"has-post-thumbnail","6":"product_cat-web-services","7":"desktop-align-left","8":"tablet-align-left","9":"mobile-align-left","11":"first","12":"instock","13":"taxable","14":"shipping-taxable","15":"purchasable","16":"product-type-simple"},"aioseo_notices":[],"uagb_featured_image_src":{"full":["https:\/\/www.mc2020.net\/shop\/wp-content\/uploads\/2025\/01\/logiciel-montage-video.jpg",799,599,false],"thumbnail":["https:\/\/www.mc2020.net\/shop\/wp-content\/uploads\/2025\/01\/logiciel-montage-video-150x150.jpg",150,150,true],"medium":["https:\/\/www.mc2020.net\/shop\/wp-content\/uploads\/2025\/01\/logiciel-montage-video-300x225.jpg",300,225,true],"medium_large":["https:\/\/www.mc2020.net\/shop\/wp-content\/uploads\/2025\/01\/logiciel-montage-video-768x576.jpg",768,576,true],"large":["https:\/\/www.mc2020.net\/shop\/wp-content\/uploads\/2025\/01\/logiciel-montage-video.jpg",799,599,false],"1536x1536":["https:\/\/www.mc2020.net\/shop\/wp-content\/uploads\/2025\/01\/logiciel-montage-video.jpg",799,599,false],"2048x2048":["https:\/\/www.mc2020.net\/shop\/wp-content\/uploads\/2025\/01\/logiciel-montage-video.jpg",799,599,false],"woocommerce_thumbnail":["https:\/\/www.mc2020.net\/shop\/wp-content\/uploads\/2025\/01\/logiciel-montage-video-300x300.jpg",300,300,true],"woocommerce_single":["https:\/\/www.mc2020.net\/shop\/wp-content\/uploads\/2025\/01\/logiciel-montage-video-600x450.jpg",600,450,true],"woocommerce_gallery_thumbnail":["https:\/\/www.mc2020.net\/shop\/wp-content\/uploads\/2025\/01\/logiciel-montage-video-100x100.jpg",100,100,true]},"uagb_author_info":{"display_name":"kawtar Marjoub","author_link":"https:\/\/www.mc2020.net\/shop\/author\/"},"uagb_comment_info":0,"uagb_excerpt":"Nous donnons vie \u00e0 vos id\u00e9es gr\u00e2ce \u00e0 notre service de cr\u00e9ation de vid\u00e9os professionnelles. Que vous ayez besoin d&rsquo;une vid\u00e9o explicative percutante, d&rsquo;une pr\u00e9sentation d&rsquo;entreprise engageante, d&rsquo;un spot publicitaire cr\u00e9atif ou de tout autre format, notre \u00e9quipe de professionnels passionn\u00e9s met son expertise \u00e0 votre service. Nous vous accompagnons \u00e0 chaque \u00e9tape du processus,\u2026","_links":{"self":[{"href":"https:\/\/www.mc2020.net\/shop\/wp-json\/wp\/v2\/product\/2995","targetHints":{"allow":["GET"]}}],"collection":[{"href":"https:\/\/www.mc2020.net\/shop\/wp-json\/wp\/v2\/product"}],"about":[{"href":"https:\/\/www.mc2020.net\/shop\/wp-json\/wp\/v2\/types\/product"}],"replies":[{"embeddable":true,"href":"https:\/\/www.mc2020.net\/shop\/wp-json\/wp\/v2\/comments?post=2995"}],"wp:featuredmedia":[{"embeddable":true,"href":"https:\/\/www.mc2020.net\/shop\/wp-json\/wp\/v2\/media\/3040"}],"wp:attachment":[{"href":"https:\/\/www.mc2020.net\/shop\/wp-json\/wp\/v2\/media?parent=2995"}],"wp:term":[{"taxonomy":"product_brand","embeddable":true,"href":"https:\/\/www.mc2020.net\/shop\/wp-json\/wp\/v2\/product_brand?post=2995"},{"taxonomy":"product_cat","embeddable":true,"href":"https:\/\/www.mc2020.net\/shop\/wp-json\/wp\/v2\/product_cat?post=2995"},{"taxonomy":"product_tag","embeddable":true,"href":"https:\/\/www.mc2020.net\/shop\/wp-json\/wp\/v2\/product_tag?post=2995"}],"curies":[{"name":"wp","href":"https:\/\/api.w.org\/{rel}","templated":true}]}}