{"id":2989,"date":"2025-01-30T10:59:34","date_gmt":"2025-01-30T09:59:34","guid":{"rendered":"https:\/\/www.mc2020.net\/shop\/?post_type=product&#038;p=2989"},"modified":"2025-06-04T09:29:39","modified_gmt":"2025-06-04T08:29:39","slug":"creation-de-logo-sur-mesure-et-professionnelle","status":"publish","type":"product","link":"https:\/\/www.mc2020.net\/shop\/produit\/creation-de-logo-sur-mesure-et-professionnelle\/","title":{"rendered":"Cr\u00e9ation de logo sur mesure et professionnelle"},"content":{"rendered":"<p data-sourcepos=\"5:1-5:194\">Vous cherchez un logo unique et percutant qui repr\u00e9sente parfaitement votre marque ? Notre service de cr\u00e9ation de logo sur mesure est con\u00e7u pour vous offrir un design professionnel et m\u00e9morable.<\/p>\n<p data-sourcepos=\"7:1-7:30\"><strong>Ce que nous vous offrons :<\/strong><\/p>\n<ul data-sourcepos=\"9:1-13:0\">\n<li data-sourcepos=\"9:1-9:174\"><strong>Un logo 100% original :<\/strong> Nous ne travaillons pas avec des mod\u00e8les pr\u00e9faits. Chaque logo est con\u00e7u de A \u00e0 Z pour refl\u00e9ter votre vision, vos valeurs et votre public cible.<\/li>\n<li data-sourcepos=\"10:1-10:225\"><strong>Un design professionnel :<\/strong> Notre \u00e9quipe de designers exp\u00e9riment\u00e9s ma\u00eetrise les derni\u00e8res tendances et techniques pour vous garantir un logo esth\u00e9tique, intemporel et adaptable \u00e0 tous vos supports (web, impression, etc.).<\/li>\n<li data-sourcepos=\"11:1-11:195\"><strong>Un processus collaboratif :<\/strong> Nous vous impliquons \u00e0 chaque \u00e9tape, de la conception initiale \u00e0 la finalisation, pour nous assurer que le r\u00e9sultat final correspond parfaitement \u00e0 vos attentes.<\/li>\n<li data-sourcepos=\"12:1-13:0\"><strong>Des fichiers de haute qualit\u00e9 :<\/strong> Vous recevrez votre logo dans diff\u00e9rents formats vectoriels et matriciels, pr\u00eats \u00e0 \u00eatre utilis\u00e9s pour tous vos besoins de communication.<\/li>\n<\/ul>\n<p data-sourcepos=\"14:1-14:76\"><strong>Laissez-nous cr\u00e9er le logo qui fera la diff\u00e9rence pour votre entreprise.<\/strong><\/p>\n<p data-sourcepos=\"16:1-16:66\"><strong>Contactez-nous d\u00e8s aujourd&rsquo;hui pour discuter de votre projet !<\/strong><\/p>\n","protected":false},"excerpt":{"rendered":"<p>Vous cherchez un logo unique et percutant qui repr\u00e9sente parfaitement votre marque ? Notre service de cr\u00e9ation de logo sur mesure est con\u00e7u pour vous offrir un design professionnel et m\u00e9morable. Ce que nous vous offrons : Un logo 100% original : Nous ne travaillons pas avec des mod\u00e8les pr\u00e9faits. Chaque logo est con\u00e7u de [&hellip;]<\/p>\n","protected":false},"featured_media":0,"comment_status":"open","ping_status":"closed","template":"","meta":{"_uag_custom_page_level_css":"","site-sidebar-layout":"default","site-content-layout":"","ast-site-content-layout":"default","site-content-style":"default","site-sidebar-style":"default","ast-global-header-display":"","ast-banner-title-visibility":"","ast-main-header-display":"","ast-hfb-above-header-display":"","ast-hfb-below-header-display":"","ast-hfb-mobile-header-display":"","site-post-title":"","ast-breadcrumbs-content":"","ast-featured-img":"","footer-sml-layout":"","ast-disable-related-posts":"","theme-transparent-header-meta":"default","adv-header-id-meta":"","stick-header-meta":"","header-above-stick-meta":"","header-main-stick-meta":"","header-below-stick-meta":"","astra-migrate-meta-layouts":"set","ast-page-background-enabled":"default","ast-page-background-meta":{"desktop":{"background-color":"var(--ast-global-color-4)","background-image":"","background-repeat":"repeat","background-position":"center center","background-size":"auto","background-attachment":"scroll","background-type":"","background-media":"","overlay-type":"","overlay-color":"","overlay-opacity":"","overlay-gradient":""},"tablet":{"background-color":"","background-image":"","background-repeat":"repeat","background-position":"center center","background-size":"auto","background-attachment":"scroll","background-type":"","background-media":"","overlay-type":"","overlay-color":"","overlay-opacity":"","overlay-gradient":""},"mobile":{"background-color":"","background-image":"","background-repeat":"repeat","background-position":"center center","background-size":"auto","background-attachment":"scroll","background-type":"","background-media":"","overlay-type":"","overlay-color":"","overlay-opacity":"","overlay-gradient":""}},"ast-content-background-meta":{"desktop":{"background-color":"var(--ast-global-color-5)","background-image":"","background-repeat":"repeat","background-position":"center center","background-size":"auto","background-attachment":"scroll","background-type":"","background-media":"","overlay-type":"","overlay-color":"","overlay-opacity":"","overlay-gradient":""},"tablet":{"background-color":"var(--ast-global-color-5)","background-image":"","background-repeat":"repeat","background-position":"center center","background-size":"auto","background-attachment":"scroll","background-type":"","background-media":"","overlay-type":"","overlay-color":"","overlay-opacity":"","overlay-gradient":""},"mobile":{"background-color":"var(--ast-global-color-5)","background-image":"","background-repeat":"repeat","background-position":"center center","background-size":"auto","background-attachment":"scroll","background-type":"","background-media":"","overlay-type":"","overlay-color":"","overlay-opacity":"","overlay-gradient":""}}},"product_brand":[],"product_cat":[30],"product_tag":[],"class_list":{"0":"post-2989","1":"product","2":"type-product","3":"status-publish","5":"product_cat-web-services","6":"desktop-align-left","7":"tablet-align-left","8":"mobile-align-left","10":"first","11":"instock","12":"taxable","13":"shipping-taxable","14":"purchasable","15":"product-type-simple"},"aioseo_notices":[],"uagb_featured_image_src":{"full":false,"thumbnail":false,"medium":false,"medium_large":false,"large":false,"1536x1536":false,"2048x2048":false,"woocommerce_thumbnail":false,"woocommerce_single":false,"woocommerce_gallery_thumbnail":false},"uagb_author_info":{"display_name":"kawtar Marjoub","author_link":"https:\/\/www.mc2020.net\/shop\/author\/"},"uagb_comment_info":0,"uagb_excerpt":"Vous cherchez un logo unique et percutant qui repr\u00e9sente parfaitement votre marque ? Notre service de cr\u00e9ation de logo sur mesure est con\u00e7u pour vous offrir un design professionnel et m\u00e9morable. Ce que nous vous offrons : Un logo 100% original : Nous ne travaillons pas avec des mod\u00e8les pr\u00e9faits. Chaque logo est con\u00e7u de\u2026","_links":{"self":[{"href":"https:\/\/www.mc2020.net\/shop\/wp-json\/wp\/v2\/product\/2989","targetHints":{"allow":["GET"]}}],"collection":[{"href":"https:\/\/www.mc2020.net\/shop\/wp-json\/wp\/v2\/product"}],"about":[{"href":"https:\/\/www.mc2020.net\/shop\/wp-json\/wp\/v2\/types\/product"}],"replies":[{"embeddable":true,"href":"https:\/\/www.mc2020.net\/shop\/wp-json\/wp\/v2\/comments?post=2989"}],"wp:attachment":[{"href":"https:\/\/www.mc2020.net\/shop\/wp-json\/wp\/v2\/media?parent=2989"}],"wp:term":[{"taxonomy":"product_brand","embeddable":true,"href":"https:\/\/www.mc2020.net\/shop\/wp-json\/wp\/v2\/product_brand?post=2989"},{"taxonomy":"product_cat","embeddable":true,"href":"https:\/\/www.mc2020.net\/shop\/wp-json\/wp\/v2\/product_cat?post=2989"},{"taxonomy":"product_tag","embeddable":true,"href":"https:\/\/www.mc2020.net\/shop\/wp-json\/wp\/v2\/product_tag?post=2989"}],"curies":[{"name":"wp","href":"https:\/\/api.w.org\/{rel}","templated":true}]}}