{"id":2892,"date":"2025-01-29T11:13:50","date_gmt":"2025-01-29T10:13:50","guid":{"rendered":"https:\/\/www.mc2020.net\/shop\/?post_type=product&#038;p=2892"},"modified":"2025-04-26T11:26:38","modified_gmt":"2025-04-26T10:26:38","slug":"anti-virus-kaspersky-plus","status":"publish","type":"product","link":"https:\/\/www.mc2020.net\/shop\/produit\/anti-virus-kaspersky-plus\/","title":{"rendered":"Anti virus Kaspersky plus"},"content":{"rendered":"<p>Prot\u00e9gez-vous en ligne avec\u00a0<a href=\"https:\/\/www.iris.ma\/54_kaspersky\">Kaspersky<\/a>\u00a0Plus &#8211; 1 Poste \/ 1 an. B\u00e9n\u00e9ficiez d&rsquo;une s\u00e9curit\u00e9 avanc\u00e9e avec des fonctionnalit\u00e9s anti-phishing et un pare-feu int\u00e9gr\u00e9 pour une protection optimale. Am\u00e9liorez les performances de vos appareils gr\u00e2ce aux outils de performance et de surveillance du disque dur. Profitez \u00e9galement d&rsquo;un VPN illimit\u00e9 et d&rsquo;un gestionnaire de mots de passe pour garantir la confidentialit\u00e9 de votre vie en ligne. Compatible avec Windows\u00ae, macOS\u00ae, Android\u2122 et iOS\u00ae, cet abonnement d&rsquo;un an pour un poste offre une tranquillit\u00e9 d&rsquo;esprit totale.<\/p>\n","protected":false},"excerpt":{"rendered":"<p>Prot\u00e9gez-vous en ligne avec\u00a0Kaspersky\u00a0Plus &#8211; 1 Poste \/ 1 an. B\u00e9n\u00e9ficiez d&rsquo;une s\u00e9curit\u00e9 avanc\u00e9e avec des fonctionnalit\u00e9s anti-phishing et un pare-feu int\u00e9gr\u00e9 pour une protection optimale. Am\u00e9liorez les performances de vos appareils gr\u00e2ce aux outils de performance et de surveillance du disque dur. Profitez \u00e9galement d&rsquo;un VPN illimit\u00e9 et d&rsquo;un gestionnaire de mots de passe [&hellip;]<\/p>\n","protected":false},"featured_media":2894,"comment_status":"open","ping_status":"closed","template":"","meta":{"_uag_custom_page_level_css":"","site-sidebar-layout":"default","site-content-layout":"","ast-site-content-layout":"default","site-content-style":"default","site-sidebar-style":"default","ast-global-header-display":"","ast-banner-title-visibility":"","ast-main-header-display":"","ast-hfb-above-header-display":"","ast-hfb-below-header-display":"","ast-hfb-mobile-header-display":"","site-post-title":"","ast-breadcrumbs-content":"","ast-featured-img":"","footer-sml-layout":"","ast-disable-related-posts":"","theme-transparent-header-meta":"default","adv-header-id-meta":"","stick-header-meta":"","header-above-stick-meta":"","header-main-stick-meta":"","header-below-stick-meta":"","astra-migrate-meta-layouts":"set","ast-page-background-enabled":"default","ast-page-background-meta":{"desktop":{"background-color":"var(--ast-global-color-4)","background-image":"","background-repeat":"repeat","background-position":"center center","background-size":"auto","background-attachment":"scroll","background-type":"","background-media":"","overlay-type":"","overlay-color":"","overlay-opacity":"","overlay-gradient":""},"tablet":{"background-color":"","background-image":"","background-repeat":"repeat","background-position":"center center","background-size":"auto","background-attachment":"scroll","background-type":"","background-media":"","overlay-type":"","overlay-color":"","overlay-opacity":"","overlay-gradient":""},"mobile":{"background-color":"","background-image":"","background-repeat":"repeat","background-position":"center center","background-size":"auto","background-attachment":"scroll","background-type":"","background-media":"","overlay-type":"","overlay-color":"","overlay-opacity":"","overlay-gradient":""}},"ast-content-background-meta":{"desktop":{"background-color":"var(--ast-global-color-5)","background-image":"","background-repeat":"repeat","background-position":"center center","background-size":"auto","background-attachment":"scroll","background-type":"","background-media":"","overlay-type":"","overlay-color":"","overlay-opacity":"","overlay-gradient":""},"tablet":{"background-color":"var(--ast-global-color-5)","background-image":"","background-repeat":"repeat","background-position":"center center","background-size":"auto","background-attachment":"scroll","background-type":"","background-media":"","overlay-type":"","overlay-color":"","overlay-opacity":"","overlay-gradient":""},"mobile":{"background-color":"var(--ast-global-color-5)","background-image":"","background-repeat":"repeat","background-position":"center center","background-size":"auto","background-attachment":"scroll","background-type":"","background-media":"","overlay-type":"","overlay-color":"","overlay-opacity":"","overlay-gradient":""}}},"product_brand":[],"product_cat":[27],"product_tag":[],"class_list":{"0":"post-2892","1":"product","2":"type-product","3":"status-publish","4":"has-post-thumbnail","6":"product_cat-logiciels","7":"desktop-align-left","8":"tablet-align-left","9":"mobile-align-left","11":"first","12":"instock","13":"sale","14":"taxable","15":"shipping-taxable","16":"purchasable","17":"product-type-simple"},"aioseo_notices":[],"uagb_featured_image_src":{"full":["https:\/\/www.mc2020.net\/shop\/wp-content\/uploads\/2025\/01\/kaspersky.jpg",1000,1260,false],"thumbnail":["https:\/\/www.mc2020.net\/shop\/wp-content\/uploads\/2025\/01\/kaspersky-150x150.jpg",150,150,true],"medium":["https:\/\/www.mc2020.net\/shop\/wp-content\/uploads\/2025\/01\/kaspersky-238x300.jpg",238,300,true],"medium_large":["https:\/\/www.mc2020.net\/shop\/wp-content\/uploads\/2025\/01\/kaspersky-768x968.jpg",768,968,true],"large":["https:\/\/www.mc2020.net\/shop\/wp-content\/uploads\/2025\/01\/kaspersky-813x1024.jpg",813,1024,true],"1536x1536":["https:\/\/www.mc2020.net\/shop\/wp-content\/uploads\/2025\/01\/kaspersky.jpg",1000,1260,false],"2048x2048":["https:\/\/www.mc2020.net\/shop\/wp-content\/uploads\/2025\/01\/kaspersky.jpg",1000,1260,false],"woocommerce_thumbnail":["https:\/\/www.mc2020.net\/shop\/wp-content\/uploads\/2025\/01\/kaspersky-300x300.jpg",300,300,true],"woocommerce_single":["https:\/\/www.mc2020.net\/shop\/wp-content\/uploads\/2025\/01\/kaspersky-600x756.jpg",600,756,true],"woocommerce_gallery_thumbnail":["https:\/\/www.mc2020.net\/shop\/wp-content\/uploads\/2025\/01\/kaspersky-100x100.jpg",100,100,true]},"uagb_author_info":{"display_name":"kawtar Marjoub","author_link":"https:\/\/www.mc2020.net\/shop\/author\/"},"uagb_comment_info":0,"uagb_excerpt":"Prot\u00e9gez-vous en ligne avec\u00a0Kaspersky\u00a0Plus &#8211; 1 Poste \/ 1 an. B\u00e9n\u00e9ficiez d&rsquo;une s\u00e9curit\u00e9 avanc\u00e9e avec des fonctionnalit\u00e9s anti-phishing et un pare-feu int\u00e9gr\u00e9 pour une protection optimale. Am\u00e9liorez les performances de vos appareils gr\u00e2ce aux outils de performance et de surveillance du disque dur. Profitez \u00e9galement d&rsquo;un VPN illimit\u00e9 et d&rsquo;un gestionnaire de mots de passe\u2026","_links":{"self":[{"href":"https:\/\/www.mc2020.net\/shop\/wp-json\/wp\/v2\/product\/2892","targetHints":{"allow":["GET"]}}],"collection":[{"href":"https:\/\/www.mc2020.net\/shop\/wp-json\/wp\/v2\/product"}],"about":[{"href":"https:\/\/www.mc2020.net\/shop\/wp-json\/wp\/v2\/types\/product"}],"replies":[{"embeddable":true,"href":"https:\/\/www.mc2020.net\/shop\/wp-json\/wp\/v2\/comments?post=2892"}],"wp:featuredmedia":[{"embeddable":true,"href":"https:\/\/www.mc2020.net\/shop\/wp-json\/wp\/v2\/media\/2894"}],"wp:attachment":[{"href":"https:\/\/www.mc2020.net\/shop\/wp-json\/wp\/v2\/media?parent=2892"}],"wp:term":[{"taxonomy":"product_brand","embeddable":true,"href":"https:\/\/www.mc2020.net\/shop\/wp-json\/wp\/v2\/product_brand?post=2892"},{"taxonomy":"product_cat","embeddable":true,"href":"https:\/\/www.mc2020.net\/shop\/wp-json\/wp\/v2\/product_cat?post=2892"},{"taxonomy":"product_tag","embeddable":true,"href":"https:\/\/www.mc2020.net\/shop\/wp-json\/wp\/v2\/product_tag?post=2892"}],"curies":[{"name":"wp","href":"https:\/\/api.w.org\/{rel}","templated":true}]}}