{"id":2854,"date":"2025-01-28T15:32:02","date_gmt":"2025-01-28T14:32:02","guid":{"rendered":"https:\/\/www.mc2020.net\/shop\/?post_type=product&#038;p=2854"},"modified":"2025-08-11T18:50:49","modified_gmt":"2025-08-11T17:50:49","slug":"punex","status":"publish","type":"product","link":"https:\/\/www.mc2020.net\/shop\/produit\/punex\/","title":{"rendered":"C\u00c2BLE DE DONN\u00c9ES PUNEX POUR TYPE-C, PU-26, 3.0"},"content":{"rendered":"<p>Le c\u00e2ble de donn\u00e9es PuneX pour Type-C, mod\u00e8le PU-26, est sp\u00e9cialement con\u00e7u pour r\u00e9pondre aux exigences des utilisateurs de technologie moderne. Capable de fournir une charge rapide \u00e0 3.0A et une puissance de 20W, ce c\u00e2ble garantit une recharge efficace et rapide de vos appareils USB Type-C. Il facilite \u00e9galement un transfert de donn\u00e9es \u00e0 haute vitesse, ce qui est id\u00e9al pour la synchronisation de vos fichiers avec d&rsquo;autres appareils.<\/p>\n","protected":false},"excerpt":{"rendered":"<p>Le c\u00e2ble de donn\u00e9es PuneX pour Type-C, mod\u00e8le PU-26, est sp\u00e9cialement con\u00e7u pour r\u00e9pondre aux exigences des utilisateurs de technologie moderne. Capable de fournir une charge rapide \u00e0 3.0A et une puissance de 20W, ce c\u00e2ble garantit une recharge efficace et rapide de vos appareils USB Type-C. Il facilite \u00e9galement un transfert de donn\u00e9es \u00e0 haute vitesse, ce qui est id\u00e9al pour la synchronisation de vos fichiers avec d&rsquo;autres appareils.<\/p>\n","protected":false},"featured_media":2858,"comment_status":"open","ping_status":"closed","template":"","meta":{"_uag_custom_page_level_css":"","site-sidebar-layout":"default","site-content-layout":"","ast-site-content-layout":"default","site-content-style":"default","site-sidebar-style":"default","ast-global-header-display":"","ast-banner-title-visibility":"","ast-main-header-display":"","ast-hfb-above-header-display":"","ast-hfb-below-header-display":"","ast-hfb-mobile-header-display":"","site-post-title":"","ast-breadcrumbs-content":"","ast-featured-img":"","footer-sml-layout":"","ast-disable-related-posts":"","theme-transparent-header-meta":"default","adv-header-id-meta":"","stick-header-meta":"","header-above-stick-meta":"","header-main-stick-meta":"","header-below-stick-meta":"","astra-migrate-meta-layouts":"set","ast-page-background-enabled":"default","ast-page-background-meta":{"desktop":{"background-color":"var(--ast-global-color-4)","background-image":"","background-repeat":"repeat","background-position":"center center","background-size":"auto","background-attachment":"scroll","background-type":"","background-media":"","overlay-type":"","overlay-color":"","overlay-opacity":"","overlay-gradient":""},"tablet":{"background-color":"","background-image":"","background-repeat":"repeat","background-position":"center center","background-size":"auto","background-attachment":"scroll","background-type":"","background-media":"","overlay-type":"","overlay-color":"","overlay-opacity":"","overlay-gradient":""},"mobile":{"background-color":"","background-image":"","background-repeat":"repeat","background-position":"center center","background-size":"auto","background-attachment":"scroll","background-type":"","background-media":"","overlay-type":"","overlay-color":"","overlay-opacity":"","overlay-gradient":""}},"ast-content-background-meta":{"desktop":{"background-color":"var(--ast-global-color-5)","background-image":"","background-repeat":"repeat","background-position":"center center","background-size":"auto","background-attachment":"scroll","background-type":"","background-media":"","overlay-type":"","overlay-color":"","overlay-opacity":"","overlay-gradient":""},"tablet":{"background-color":"var(--ast-global-color-5)","background-image":"","background-repeat":"repeat","background-position":"center center","background-size":"auto","background-attachment":"scroll","background-type":"","background-media":"","overlay-type":"","overlay-color":"","overlay-opacity":"","overlay-gradient":""},"mobile":{"background-color":"var(--ast-global-color-5)","background-image":"","background-repeat":"repeat","background-position":"center center","background-size":"auto","background-attachment":"scroll","background-type":"","background-media":"","overlay-type":"","overlay-color":"","overlay-opacity":"","overlay-gradient":""}}},"product_brand":[],"product_cat":[26],"product_tag":[],"class_list":{"0":"post-2854","1":"product","2":"type-product","3":"status-publish","4":"has-post-thumbnail","6":"product_cat-accessoires","7":"desktop-align-left","8":"tablet-align-left","9":"mobile-align-left","11":"first","12":"instock","13":"taxable","14":"shipping-taxable","15":"purchasable","16":"product-type-simple"},"aioseo_notices":[],"uagb_featured_image_src":{"full":["https:\/\/www.mc2020.net\/shop\/wp-content\/uploads\/2025\/01\/pdt2_7_7_7_1_700x700_AAACH94777.jpg",700,700,false],"thumbnail":["https:\/\/www.mc2020.net\/shop\/wp-content\/uploads\/2025\/01\/pdt2_7_7_7_1_700x700_AAACH94777-150x150.jpg",150,150,true],"medium":["https:\/\/www.mc2020.net\/shop\/wp-content\/uploads\/2025\/01\/pdt2_7_7_7_1_700x700_AAACH94777-300x300.jpg",300,300,true],"medium_large":["https:\/\/www.mc2020.net\/shop\/wp-content\/uploads\/2025\/01\/pdt2_7_7_7_1_700x700_AAACH94777.jpg",700,700,false],"large":["https:\/\/www.mc2020.net\/shop\/wp-content\/uploads\/2025\/01\/pdt2_7_7_7_1_700x700_AAACH94777.jpg",700,700,false],"1536x1536":["https:\/\/www.mc2020.net\/shop\/wp-content\/uploads\/2025\/01\/pdt2_7_7_7_1_700x700_AAACH94777.jpg",700,700,false],"2048x2048":["https:\/\/www.mc2020.net\/shop\/wp-content\/uploads\/2025\/01\/pdt2_7_7_7_1_700x700_AAACH94777.jpg",700,700,false],"woocommerce_thumbnail":["https:\/\/www.mc2020.net\/shop\/wp-content\/uploads\/2025\/01\/pdt2_7_7_7_1_700x700_AAACH94777-300x300.jpg",300,300,true],"woocommerce_single":["https:\/\/www.mc2020.net\/shop\/wp-content\/uploads\/2025\/01\/pdt2_7_7_7_1_700x700_AAACH94777-600x600.jpg",600,600,true],"woocommerce_gallery_thumbnail":["https:\/\/www.mc2020.net\/shop\/wp-content\/uploads\/2025\/01\/pdt2_7_7_7_1_700x700_AAACH94777-100x100.jpg",100,100,true]},"uagb_author_info":{"display_name":"kawtar Marjoub","author_link":"https:\/\/www.mc2020.net\/shop\/author\/"},"uagb_comment_info":0,"uagb_excerpt":"Le c\u00e2ble de donn\u00e9es PuneX pour Type-C, mod\u00e8le PU-26, est sp\u00e9cialement con\u00e7u pour r\u00e9pondre aux exigences des utilisateurs de technologie moderne. Capable de fournir une charge rapide \u00e0 3.0A et une puissance de 20W, ce c\u00e2ble garantit une recharge efficace et rapide de vos appareils USB Type-C. Il facilite \u00e9galement un transfert de donn\u00e9es \u00e0\u2026","_links":{"self":[{"href":"https:\/\/www.mc2020.net\/shop\/wp-json\/wp\/v2\/product\/2854","targetHints":{"allow":["GET"]}}],"collection":[{"href":"https:\/\/www.mc2020.net\/shop\/wp-json\/wp\/v2\/product"}],"about":[{"href":"https:\/\/www.mc2020.net\/shop\/wp-json\/wp\/v2\/types\/product"}],"replies":[{"embeddable":true,"href":"https:\/\/www.mc2020.net\/shop\/wp-json\/wp\/v2\/comments?post=2854"}],"wp:featuredmedia":[{"embeddable":true,"href":"https:\/\/www.mc2020.net\/shop\/wp-json\/wp\/v2\/media\/2858"}],"wp:attachment":[{"href":"https:\/\/www.mc2020.net\/shop\/wp-json\/wp\/v2\/media?parent=2854"}],"wp:term":[{"taxonomy":"product_brand","embeddable":true,"href":"https:\/\/www.mc2020.net\/shop\/wp-json\/wp\/v2\/product_brand?post=2854"},{"taxonomy":"product_cat","embeddable":true,"href":"https:\/\/www.mc2020.net\/shop\/wp-json\/wp\/v2\/product_cat?post=2854"},{"taxonomy":"product_tag","embeddable":true,"href":"https:\/\/www.mc2020.net\/shop\/wp-json\/wp\/v2\/product_tag?post=2854"}],"curies":[{"name":"wp","href":"https:\/\/api.w.org\/{rel}","templated":true}]}}